= -16*a - 1367. Give z(-83).
-39
Let t(l) = -l**3 - 89*l**2 + 1223*l + 760. Calculate t(-101).
-351
Let t(b) = -1758413*b + 1758419. What is t(1)?
6
Let j(s) = -s**3 - 109*s**2 - 2876*s + 186. Give j(-45).
6
Let y(w) = 107790*w + 2694784. Calculate y(-25).
34
Let s(y) = -1450*y + 6128. What is s(4)?
328
Let n(a) = 32*a - 9842. Calculate n(308).
14
Let k(t) = t**3 + 21*t**2 - 175*t + 251. Calculate k(-27).
602
Let a(m) = 57038*m + 1768178. Determine a(-31).
0
Let a(j) = -3277*j + 222547. Determine a(68).
-289
Let d(u) = -3697*u + 369702. Calculate d(100).
2
Let s(d) = 4760*d - 1837344. Determine s(386).
16
Let v(t) = -38*t**2 - 3575*t - 34727. Calculate v(-11).
0
Let d(y) = 11741*y + 199622. Calculate d(-17).
25
Let f(y) = -56*y**2 - 3206*y - 370. Determine f(-57).
428
Let p(z) = z**3 + 271*z**2 - 11396*z + 24. What is p(-308)?
24
Let n(q) = -135*q**2 + 122*q - 242. Calculate n(2).
-538
Let n(x) = x**3 - 6*x**2 - 2212*x + 17564. Determine n(8).
-4
Let k(u) = 36*u**2 - 3911*u - 1457. Give k(109).
-40
Let m(h) = h**2 - 2836*h - 1783979. What is m(-530)?
1
Let d(f) = 9*f**3 + 180*f**2 + 49*f + 952. Give d(-20).
-28
Let v(z) = 2457*z - 44237. Give v(18).
-11
Let j(z) = 2*z**3 + 255*z**2 - 679*z - 3776. Give j(-130).
-6
Let s(y) = -167*y + 10750. Calculate s(65).
-105
Let t(a) = -3734*a + 134413. Determine t(36).
-11
Let f(w) = -317*w - 21601. What is f(-67)?
-362
Let l(y) = y**3 - 14*y**2 + 159*y - 480. Give l(4).
-4
Let c(u) = 2*u**2 - 19133*u + 932720. Calculate c(49).
5
Let v(p) = -73*p**2 + 1600*p - 5. Calculate v(22).
-137
Let q(f) = -f**2 + 465*f - 4531. What is q(10)?
19
Let n(z) = 31*z**3 - 2*z**2 + 279*z + 548. Determine n(-2).
-266
Let b(l) = -20360*l + 407065. What is b(20)?
-135
Let n(h) = -12220*h + 61122. What is n(5)?
22
Let k(b) = 26*b**2 - 117*b + 37. Determine k(4).
-15
Let m(o) = -71*o**2 + 804*o - 3281. Calculate m(4).
-1201
Let t(y) = -y**3 + 12*y**2 - 688*y + 3941. What is t(6)?
29
Let o(v) = v**3 - 772*v**2 - 6293*v - 334. Determine o(-8).
90
Let j(t) = 175783*t - 703132. Determine j(4).
0
Let i(m) = 6*m**2 - 291*m + 1724. Calculate i(37).
-829
Let s(r) = 2*r**2 + 12512*r - 75098. Determine s(6).
46
Let i(u) = 13168*u - 11838039. Calculate i(899).
-7
Let o(s) = s**2 - 1168*s - 2332. Give o(-2).
8
Let u(p) = -6*p**3 - 508*p**2 + 161*p - 787. Calculate u(-85).
-22
Let o(b) = b**3 + 27*b**2 - 5671*b - 87. What is o(-90)?
3
Let d(i) = i**2 + 360*i + 31656. Give d(-208).
40
Let c(n) = 2093*n**2 + 4177*n + 1. Determine c(-2).
19
Let a(k) = 70*k + 19245. Calculate a(-286).
-775
Let g(q) = 2131*q + 68139. What is g(-32)?
-53
Let m(v) = -550*v + 31894. Give m(58).
-6
Let d(k) = -2*k**3 + 6*k**2 + 1381*k + 1373. Determine d(-1).
0
Let v(w) = w**2 - 3868*w + 220934. Give v(58).
-46
Let b(i) = -49*i**2 - 968*i + 193. What is b(-20)?
-47
Let t(b) = 4*b**3 - 156*b**2 - 94*b + 118. What is t(40)?
2758
Let r(o) = 173*o + 934. What is r(-6)?
-104
Let o(x) = x**3 + 20*x**2 - 36*x + 730. Determine o(-23).
-29
Let c(j) = 72*j**2 + 1241*j + 2477. Give c(-2).
283
Let b(a) = 3439*a + 1440916. What is b(-419)?
-25
Let m(c) = -172*c**2 - 5007*c - 529. Give m(-29).
22
Let z(w) = -911*w - 59268. Determine z(-65).
-53
Let r(l) = 477*l - 31834. What is r(61)?
-2737
Let q(r) = r**2 - 108*r - 270. What is q(100)?
-1070
Let l(q) = -30*q**2 + 183*q - 370. Give l(2).
-124
Let h(a) = 1550*a**2 - 86799*a + 44. Give h(56).
100
Let q(d) = -71*d - 4732. Determine q(-60).
-472
Let l(j) = 102*j - 10483. Determine l(103).
23
Let c(p) = 5795*p**2 + 116*p + 135. Determine c(-1).
5814
Let a(f) = -f**3 + 19*f**2 - 97*f + 3006. What is a(21)?
87
Let d(l) = -l**2 - 9682*l - 1617111. What is d(-170)?
-71
Let i(l) = -37*l**2 + 117*l + 22. Calculate i(6).
-608
Let r(v) = -159*v + 10947. Calculate r(71).
-342
Let j(a) = a**3 + 6*a**2 - 18*a + 50. Give j(-13).
-899
Let g(s) = -3201*s - 585829. Determine g(-183).
-46
Let z(x) = x**3 - 91*x**2 - 3322*x + 279. Determine z(-28).
-1
Let k(n) = -22*n + 6748. Give k(263).
962
Let y(i) = i**3 + 80*i**2 + 453*i - 51. Give y(-6).
-105
Let t(p) = 2*p**3 - 74*p**2 + 146*p - 2609. Give t(36).
55
Let r(j) = -71*j**2 + 6110*j - 335. Determine r(86).
9
Let l(r) = -3299*r + 29734. Calculate l(9).
43
Let a(c) = -c**3 + 1087*c**2 + 1418*c + 827633. Determine a(1089).
-7
Let t(h) = -5*h**2 - 15280*h - 781034. What is t(-52)?
6
Let s(r) = 6159*r - 18889. Calculate s(3).
-412
Let n(t) = -107*t - 3030. Give n(-34).
608
Let y(j) = 77343*j - 3789798. Calculate y(49).
9
Let k(r) = -r**3 - 443*r**2 - 41927*r - 690. What is k(-137)?
-5
Let j(t) = -5*t**3 + 79*t**2 - 274*t + 119. Determine j(11).
9
Let y(o) = -22*o**3 + 68*o**2 - 59*o - 8. Calculate y(1).
-21
Let q(z) = z**3 + 293*z**2 + 767*z - 29876. Give q(-290).
-6
Let p(t) = 734514*t + 2938093. Give p(-4).
37
Let o(b) = b**3 + 125*b**2 + 692*b - 174. Determine o(-119).
2444
Let k(x) = -10634*x + 584872. Give k(55).
2
Let r(a) = -2*a**2 + 4*a + 1514. Give r(-35).
-1076
Let j(x) = 739*x**2 - 16*x - 6. Determine j(-1).
749
Let z(x) = -x**2 + 69*x - 1035. Calculate z(51).
-117
Let t(o) = 14*o**3 + 6078*o**2 + 892*o + 10415. Determine t(-434).
-1
Let f(n) = -46*n + 2645. What is f(28)?
1357
Let i(m) = 2*m**2 + 4289*m - 59948. Determine i(14).
490
Let z(m) = 24*m + 1239. Determine z(-42).
231
Let w(d) = -38*d**2 + 3361*d + 1868. Determine w(89).
-1
Let h(a) = -33*a**2 + 1164*a - 3461. Give h(3).
-266
Let j(g) = 5*g**3 - 310*g**2 + 568*g + 1891. Give j(60).
-29
Let v(i) = -i**3 - 4*i**2 - 33010*i - 363956. Give v(-11).
1
Let n(d) = -12*d**2 - 6406*d - 407562. What is n(-460)?
-2
Let w(k) = k**2 - 528*k - 4709. What is w(-9)?
124
Let i(d) = 10*d**2 - 327*d + 797. Give i(30).
-13
Let x(w) = -10847*w - 54244. What is x(-5)?
-9
Let y(r) = 5533*r - 104655. Determine y(19).
472
Let p(n) = n**3 - 199*n**2 + 3020*n + 158579. What is p(43)?
-5
Let s(t) = -805*t - 1376. Calculate s(-4).
1844
Let j(x) = x**3 + 57*x**2 + 689*x + 130. Give j(-17).
-23
Let z(o) = -o**3 + 67*o**2 - 481*o + 699. Give z(6).
9
Let n(s) = -135*s - 29132. Give n(-220).
568
Let j(d) = 7*d**3 + 1567*d**2 - 224*d + 93. Give j(-224).
93
Let x(w) = 3*w**3 + 890*w**2 - 432*w - 39848. What is x(-297)?
247
Let j(c) = 11*c**2 - 299*c - 583. What is j(29)?
-3
Let d(k) = -k**2 - 1230*k + 42969. Calculate d(34).
-7
Let f(l) = -4*l**2 - 284*l + 2069. Give f(-75).
869
Let o(j) = 20*j**2 + 18394*j + 55009. Determine o(-3).
7
Let p(b) = 4*b**3 + 92*b**2 - 41*b - 6. Calculate p(-23).
937
Let r(g) = 1050748*g + 2101497. Determine r(-2).
1
Let o(n) = 20383*n + 427952. What is o(-21)?
-91
Let m(u) = -u**2 + 200*u - 6115. Determine m(180).
-2515
Let m(f) = -28107*f + 6548926. Determine m(233).
-5
Let r(x) = -x**2 + 3179*x + 109244. Determine r(-34).
2
Let l(r) = 2*r**3 + 122*r**2 + 1804*r + 126. Determine l(-36).
-18
Let o(g) = 5*g**2 - 396*g + 850. Determine o(79).
771
Let x(v) = -3*v**2 + 52305*v - 313813. Determine x(6).
-91
Let o(b) = 661*b**2 - 135*b - 271. Calculate o(-2).
2643
Let z(t) = -t**2 + 580*t + 7162. Calculate z(-12).
58
Let t(o) = o**3 - 8*o**2 + 135*o - 711. What is t(6)?
27
Let m(a) = 9*a**2 + 377*a - 1122. Give m(-55).
5368
Let m(r) = -2*r**3 - 269*r**2 + 147*r + 66. Give m(-135).
-1554
Let q(u) = u**3 - 207*u**2 - 4291*u - 569. What is q(226)?
109
Let r(y) = 34*y**2 + 37047*y - 51272. Calculate r(-1091).
5
Let f(p) = -6*p**2 - 55*p + 29616. What is f(-75)?
-9
Let c(h) = -h**3 + 157*h**2 + 4554*h - 508. Calculate c(182).
220
Let u(j) = -25885*j + 388318. Determine u(15).
43
Let t(i) = 59295*i - 2905430. Determine t(49).
25
Let u(q) = -2*q**2 + 473*q + 284493. Give u(-277).
14
Let z(u) = -202*u**2 + 16160*u + 144. Calculate z(80).
144
Let j(y) = -3*y**2 - 265*y + 736. Determine j(-85).
1586
Let y(x) = -2*x**2 - 11489*x - 114678. Determine y(-10).
12
Let t(o) = -23*o**2 + 2173*o + 16342. Calculate t(-7).
4
Let p(s) = -16401*s - 32784. Give p(-2).
18
Let d(v) = v**2 + 233*v - 16507. Give d(58).
371
Let s(q) = -2*q**3 + 28*q**2 + 2*q + 5. Give s(14).
33
Let l(c) = -9447*c + 160173. Give l(17).
-426
Let w(y) = y**2 + 548*y + 30987. Determine w(-64).
11
Let t(s) = 48120*s - 386006. What is t(8)?
-1046
Let s(y) = -y**3 + 42*y**2 + 200*y + 528. Determine s(46).
1264
Let m(a) = 73*a**2 - 1421*a + 317. What is m(19)?
-329
Let l(i) = 622*i - 1871. Cal